{"id":2,"date":"2012-10-08T12:55:31","date_gmt":"2012-10-08T12:55:31","guid":{"rendered":"https:\/\/japao.rj1.info\/?page_id=2"},"modified":"2012-10-12T00:11:15","modified_gmt":"2012-10-11T15:11:15","slug":"sample-page","status":"publish","type":"page","link":"https:\/\/japao.rj1.info\/?page_id=2","title":{"rendered":"Sobre&#8230;"},"content":{"rendered":"<p>Este blog \u00e9 apenas um pequeno registro da nossa viagem para o Jap\u00e3o.<\/p>\n<p>S\u00e3o 20 dias viajando por l\u00e1, passando por Himeji, Osaka, Kyoto, Tokyo, Hakone e Okinawa. Saindo daqui dia 12 de outubro e chegando de volta no dia 3 de novembro.<\/p>\n<p>\u9811\u5f35\u308a\u307e\u3057\u3087\u3046\uff01<\/p>\n","protected":false},"excerpt":{"rendered":"<p>Este blog \u00e9 apenas um pequeno registro da nossa viagem para o Jap\u00e3o. S\u00e3o 20 dias viajando por l\u00e1, passando por Himeji, Osaka, Kyoto, Tokyo, Hakone e Okinawa. Saindo daqui dia 12 de outubro e chegando de volta no dia &hellip; <a href=\"https:\/\/japao.rj1.info\/?page_id=2\">Continuar lendo <span class=\"meta-nav\">&rarr;<\/span><\/a><\/p>\n","protected":false},"author":1,"featured_media":0,"parent":0,"menu_order":3,"comment_status":"open","ping_status":"open","template":"","meta":{"footnotes":""},"class_list":["post-2","page","type-page","status-publish","hentry"],"_links":{"self":[{"href":"https:\/\/japao.rj1.info\/index.php?rest_route=\/wp\/v2\/pages\/2","targetHints":{"allow":["GET"]}}],"collection":[{"href":"https:\/\/japao.rj1.info\/index.php?rest_route=\/wp\/v2\/pages"}],"about":[{"href":"https:\/\/japao.rj1.info\/index.php?rest_route=\/wp\/v2\/types\/page"}],"author":[{"embeddable":true,"href":"https:\/\/japao.rj1.info\/index.php?rest_route=\/wp\/v2\/users\/1"}],"replies":[{"embeddable":true,"href":"https:\/\/japao.rj1.info\/index.php?rest_route=%2Fwp%2Fv2%2Fcomments&post=2"}],"version-history":[{"count":5,"href":"https:\/\/japao.rj1.info\/index.php?rest_route=\/wp\/v2\/pages\/2\/revisions"}],"predecessor-version":[{"id":42,"href":"https:\/\/japao.rj1.info\/index.php?rest_route=\/wp\/v2\/pages\/2\/revisions\/42"}],"wp:attachment":[{"href":"https:\/\/japao.rj1.info\/index.php?rest_route=%2Fwp%2Fv2%2Fmedia&parent=2"}],"curies":[{"name":"wp","href":"https:\/\/api.w.org\/{rel}","templated":true}]}}